{"id":1788,"date":"2023-06-04T17:24:49","date_gmt":"2023-06-04T17:24:49","guid":{"rendered":"https:\/\/distributeurforever.elielmarket-ci.com\/?post_type=product&#038;p=1788"},"modified":"2023-06-04T18:05:18","modified_gmt":"2023-06-04T18:05:18","slug":"r3-factor","status":"publish","type":"product","link":"https:\/\/distributeurforever.elielmarket-ci.com\/index.php\/produit\/r3-factor\/","title":{"rendered":"R3 Factor"},"content":{"rendered":"<h2 class=\"benefits--title\">R3 Factor &#8211; Skin Defense Creme<\/h2>\n<p class=\"benefits--subtitle\">Notre cr\u00e8me anti-rides R3 Factor Skin Defense Creme offre une triple efficacit\u00e9: R3 Factor n&rsquo;a pas \u00e9t\u00e9 attribu\u00e9 sans raison. Retain ou pr\u00e9server, Restore ou fortifier et Renew ou renouveler. Un soin que tu peux non seulement sentir, mais \u00e9galement voir.<\/p>\n<h3 class=\"benefits--subtitle\">EFFET ANTI-RIDES POUR TOUS LES \u00c9TATS DE PEAUX<\/h3>\n<p class=\"benefits--text\">Des acides de fruits issus des fruits, des plantes et de la canne \u00e0 sucre \u00e9liminent les particules mortes de la peau qui c\u00e8dent ainsi la place \u00e0 des cellules fra\u00eeches et plus jeunes \u00e0 un rythme de 21 \u00e0 28 jours. Le collag\u00e8ne et l&rsquo;\u00e9lastine contenus dans notre meilleure cr\u00e8me anti-rides redonnent \u00e0 ta peau son \u00e9lasticit\u00e9. Anti-\u00e2ge pour les peaux grasses. anti-\u00e2ge pour les peaux mixtes, le grain de la peau s&rsquo;affine, quel que soit son \u00e9tat.<\/p>\n<h3 class=\"benefits--subtitle\">UNE CURE DE JOUVENCE VISIBLE POUR LA PEAU<\/h3>\n<p class=\"benefits--text\">R3 Factor Skin Defense Creme aide la peau \u00e0 retrouver sa propre barri\u00e8re de protection, \u00e0 se r\u00e9g\u00e9n\u00e9rer et lui apporte hydratation et vitamines. Ainsi soutenue, ta peau parvient \u00e0 mieux r\u00e9sister aux sollicitations du quotidien, au stress et aux influences de l&rsquo;environnement. Un soin anti-\u00e2ge innovant: la cr\u00e8me anti-rides Forever aux acides de fruits.<\/p>\n","protected":false},"excerpt":{"rendered":"<h1 class=\"product--title\">Skin Defense Creme<\/h1>\n<p>Une cr\u00e8me innovatrice anti-\u00e2ge avec de l\u2019Aloe Vera, un complexe d\u2019acides alpha-hydroxyl\u00e9s, collag\u00e8ne et vitamines. Des soins, non seulement tu les sentiras, mais tu les verras aussi.<\/p>\n<div class=\"product--description\">\n<p>Le \u00abFacteur\u00bb avec un effet anti-\u00e2ge. L\u2019Aloe Vera, associ\u00e9 \u00e0 un complexe d\u2019acides alpha-hydroxyl\u00e9s, r\u00e9g\u00e9n\u00e8re la peau par des acides naturels, des vitamines et la force de l\u2019Aloe. Particuli\u00e8rement indiqu\u00e9e pour les peaux aux pores dilat\u00e9s et les peaux matures, ainsi que les peaux mixtes. Pour un effet de rajeunissement cutan\u00e9 nettement visible.<\/p>\n<\/div>\n","protected":false},"featured_media":1789,"comment_status":"open","ping_status":"closed","template":"","meta":{"_monsterinsights_skip_tracking":false,"_monsterinsights_sitenote_active":false,"_monsterinsights_sitenote_note":"","_monsterinsights_sitenote_category":0,"ocean_post_layout":"","ocean_both_sidebars_style":"","ocean_both_sidebars_content_width":0,"ocean_both_sidebars_sidebars_width":0,"ocean_sidebar":"0","ocean_second_sidebar":"0","ocean_disable_margins":"enable","ocean_add_body_class":"","ocean_shortcode_before_top_bar":"","ocean_shortcode_after_top_bar":"","ocean_shortcode_before_header":"","ocean_shortcode_after_header":"","ocean_has_shortcode":"","ocean_shortcode_after_title":"","ocean_shortcode_before_footer_widgets":"","ocean_shortcode_after_footer_widgets":"","ocean_shortcode_before_footer_bottom":"","ocean_shortcode_after_footer_bottom":"","ocean_display_top_bar":"default","ocean_display_header":"default","ocean_header_style":"","ocean_center_header_left_menu":"0","ocean_custom_header_template":"0","ocean_custom_logo":0,"ocean_custom_retina_logo":0,"ocean_custom_logo_max_width":0,"ocean_custom_logo_tablet_max_width":0,"ocean_custom_logo_mobile_max_width":0,"ocean_custom_logo_max_height":0,"ocean_custom_logo_tablet_max_height":0,"ocean_custom_logo_mobile_max_height":0,"ocean_header_custom_menu":"0","ocean_menu_typo_font_family":"0","ocean_menu_typo_font_subset":"","ocean_menu_typo_font_size":0,"ocean_menu_typo_font_size_tablet":0,"ocean_menu_typo_font_size_mobile":0,"ocean_menu_typo_font_size_unit":"px","ocean_menu_typo_font_weight":"","ocean_menu_typo_font_weight_tablet":"","ocean_menu_typo_font_weight_mobile":"","ocean_menu_typo_transform":"","ocean_menu_typo_transform_tablet":"","ocean_menu_typo_transform_mobile":"","ocean_menu_typo_line_height":0,"ocean_menu_typo_line_height_tablet":0,"ocean_menu_typo_line_height_mobile":0,"ocean_menu_typo_line_height_unit":"","ocean_menu_typo_spacing":0,"ocean_menu_typo_spacing_tablet":0,"ocean_menu_typo_spacing_mobile":0,"ocean_menu_typo_spacing_unit":"","ocean_menu_link_color":"","ocean_menu_link_color_hover":"","ocean_menu_link_color_active":"","ocean_menu_link_background":"","ocean_menu_link_hover_background":"","ocean_menu_link_active_background":"","ocean_menu_social_links_bg":"","ocean_menu_social_hover_links_bg":"","ocean_menu_social_links_color":"","ocean_menu_social_hover_links_color":"","ocean_disable_title":"default","ocean_disable_heading":"default","ocean_post_title":"","ocean_post_subheading":"","ocean_post_title_style":"","ocean_post_title_background_color":"","ocean_post_title_background":0,"ocean_post_title_bg_image_position":"","ocean_post_title_bg_image_attachment":"","ocean_post_title_bg_image_repeat":"","ocean_post_title_bg_image_size":"","ocean_post_title_height":0,"ocean_post_title_bg_overlay":0.5,"ocean_post_title_bg_overlay_color":"","ocean_disable_breadcrumbs":"default","ocean_breadcrumbs_color":"","ocean_breadcrumbs_separator_color":"","ocean_breadcrumbs_links_color":"","ocean_breadcrumbs_links_hover_color":"","ocean_display_footer_widgets":"default","ocean_display_footer_bottom":"default","ocean_custom_footer_template":"0","_joinchat":[],"jetpack_publicize_message":"","jetpack_publicize_feature_enabled":true,"jetpack_social_post_already_shared":false,"jetpack_social_options":{"image_generator_settings":{"template":"highway","default_image_id":0,"font":"","enabled":false},"version":2}},"product_brand":[],"product_cat":[15,44],"product_tag":[],"class_list":{"0":"post-1788","1":"product","2":"type-product","3":"status-publish","4":"has-post-thumbnail","6":"product_cat-forever","7":"product_cat-soins-personnels","9":"entry","10":"has-media","12":"first","13":"instock","14":"taxable","15":"shipping-taxable","16":"purchasable","17":"product-type-simple","18":"has-product-nav","19":"col","20":"span_1_of_3","21":"owp-content-center","22":"owp-thumbs-layout-horizontal","23":"owp-btn-normal","24":"owp-tabs-layout-vertical","26":"circle-sale"},"jetpack_publicize_connections":[],"jetpack_likes_enabled":true,"jetpack_sharing_enabled":true,"_links":{"self":[{"href":"https:\/\/distributeurforever.elielmarket-ci.com\/index.php\/wp-json\/wp\/v2\/product\/1788","targetHints":{"allow":["GET"]}}],"collection":[{"href":"https:\/\/distributeurforever.elielmarket-ci.com\/index.php\/wp-json\/wp\/v2\/product"}],"about":[{"href":"https:\/\/distributeurforever.elielmarket-ci.com\/index.php\/wp-json\/wp\/v2\/types\/product"}],"replies":[{"embeddable":true,"href":"https:\/\/distributeurforever.elielmarket-ci.com\/index.php\/wp-json\/wp\/v2\/comments?post=1788"}],"wp:featuredmedia":[{"embeddable":true,"href":"https:\/\/distributeurforever.elielmarket-ci.com\/index.php\/wp-json\/wp\/v2\/media\/1789"}],"wp:attachment":[{"href":"https:\/\/distributeurforever.elielmarket-ci.com\/index.php\/wp-json\/wp\/v2\/media?parent=1788"}],"wp:term":[{"taxonomy":"product_brand","embeddable":true,"href":"https:\/\/distributeurforever.elielmarket-ci.com\/index.php\/wp-json\/wp\/v2\/product_brand?post=1788"},{"taxonomy":"product_cat","embeddable":true,"href":"https:\/\/distributeurforever.elielmarket-ci.com\/index.php\/wp-json\/wp\/v2\/product_cat?post=1788"},{"taxonomy":"product_tag","embeddable":true,"href":"https:\/\/distributeurforever.elielmarket-ci.com\/index.php\/wp-json\/wp\/v2\/product_tag?post=1788"}],"curies":[{"name":"wp","href":"https:\/\/api.w.org\/{rel}","templated":true}]}}