{"id":1776,"date":"2023-06-04T16:11:45","date_gmt":"2023-06-04T16:11:45","guid":{"rendered":"https:\/\/distributeurforever.elielmarket-ci.com\/?post_type=product&#038;p=1776"},"modified":"2023-06-04T16:11:45","modified_gmt":"2023-06-04T16:11:45","slug":"aloe-bio-cellulose-mask","status":"publish","type":"product","link":"https:\/\/distributeurforever.elielmarket-ci.com\/index.php\/produit\/aloe-bio-cellulose-mask\/","title":{"rendered":"Aloe Bio-Cellulose Mask"},"content":{"rendered":"<h2 class=\"benefits--title\">S\u00e9rum d&rsquo;une richesse sensationnelle<\/h2>\n<p class=\"benefits--subtitle\">Nous te r\u00e9v\u00e9lons le secret de beaut\u00e9 du nouveau masque en tissu : aloe bio-cellulose mask est bas\u00e9 sur une toute nouvelle technologie. De cette fa\u00e7on, les ingr\u00e9dients peuvent litt\u00e9ralement se fondre ensemble. Le s\u00e9rum riche &#8211; \u00e0 base de l&rsquo;Aloe Vera le plus pur et le plus frais r\u00e9colt\u00e9 \u00e0 la main dans nos propres plantations &#8211; et les fibres sp\u00e9ciales du masque nourrissent la peau deux fois plus. Pour un effet \u00e9poustouflant !<\/p>\n<h3 class=\"benefits--subtitle\">AVEC BEAUCOUP D\u2019HYDRATATION EN PROFONDEUR<\/h3>\n<p class=\"benefits--text\">Aloe bio-cellulose mask procure une hydratation extr\u00eame et \u00e9voque une belle peau. Le gel d&rsquo;Aloe Vera pur et les autres ingr\u00e9dients pr\u00e9cieux nourrissent la peau en profondeur. Ainsi, les signes du vieillissement et les radicaux libres sont combattus et la peau p\u00e2le est rajeunie. La rougeur est \u00e9galement r\u00e9duite. Le r\u00e9sultat : un teint \u00e9clatant.<\/p>\n<h3 class=\"benefits--subtitle\">ID\u00c9AL POUR TOUS LES TYPES DE PEAU<\/h3>\n<p class=\"benefits--text\">Le masque en tissu innovant de Forever est id\u00e9al pour toutes les conditions de peau, y compris les peaux sensibles. Faites comme les stars : ins\u00e8re un masque facial dans ta routine de beaut\u00e9 au moins une fois par semaine. L&rsquo;application de aloe bio-cellulose mask est facile : il suffit de l&rsquo;appliquer pendant 20 minutes et de masser l\u00e9g\u00e8rement les r\u00e9sidus du s\u00e9rum incroyablement riche sur le visage et le cou. Tu sentiras la diff\u00e9rence !<\/p>\n<h2><span class=\"product--usage-highlight\">Application :<\/span><\/h2>\n<p><strong>1.<\/strong>\u00a0Ouvre la confection et d\u00e9plie le masque.<br \/>\n<strong>2.<\/strong>\u00a0Le masque est prot\u00e9g\u00e9 de chaque c\u00f4t\u00e9 par un voile r\u00e9ticul\u00e9. Enl\u00e8ve et \u00e9limine une partie du voile r\u00e9ticul\u00e9.<br \/>\n<strong>3.<\/strong>\u00a0Applique le masque sur ton visage. Presse-le doucement pour assurer un bon ajustement.<br \/>\n<strong>4.<\/strong>\u00a0Enl\u00e8ve et \u00e9limine la deuxi\u00e8me couche r\u00e9ticul\u00e9e.<br \/>\n<strong>5.<\/strong>\u00a0Enl\u00e8ve et jette le masque apr\u00e8s environ 20 minutes. Aucun rin\u00e7age n&rsquo;est n\u00e9cessaire. Masse d\u00e9licatement les r\u00e9sidus du produit sur le visage et le cou pour une apparence jeune et fra\u00eeche.<\/p>\n<p class=\"responsive-video-wrap clr\"><iframe title=\"aloe bio cellulose mask\" width=\"1200\" height=\"675\" src=\"https:\/\/www.youtube.com\/embed\/RYRkd3GIFxY?feature=oembed\" frameborder=\"0\" allow=\"accelerometer; autoplay; clipboard-write; encrypted-media; gyroscope; picture-in-picture; web-share\" allowfullscreen><\/iframe><\/p>\n<p>&nbsp;<\/p>\n","protected":false},"excerpt":{"rendered":"<p><strong>Masque en tissu avec gel d\u2019Aloe Vera.<\/strong><\/p>\n<div class=\"product--description\">\n<p>Aloe bio-cellulose mask combine une technologie de pointe avec des ingr\u00e9dients naturels tels que le gel d&rsquo;aloe vera, l&rsquo;extrait de th\u00e9 vert, le marron d&rsquo;Inde et les algues marines. Les fibres ultrafines s&rsquo;adaptent parfaitement aux contours du visage et peuvent ainsi p\u00e9n\u00e9trer dans les rides et ridules. Le masque en tissu est facile \u00e0 appliquer et ne n\u00e9cessite pas de rin\u00e7age.<\/p>\n<\/div>\n","protected":false},"featured_media":1777,"comment_status":"open","ping_status":"closed","template":"","meta":{"_monsterinsights_skip_tracking":false,"_monsterinsights_sitenote_active":false,"_monsterinsights_sitenote_note":"","_monsterinsights_sitenote_category":0,"ocean_post_layout":"","ocean_both_sidebars_style":"","ocean_both_sidebars_content_width":0,"ocean_both_sidebars_sidebars_width":0,"ocean_sidebar":"0","ocean_second_sidebar":"0","ocean_disable_margins":"enable","ocean_add_body_class":"","ocean_shortcode_before_top_bar":"","ocean_shortcode_after_top_bar":"","ocean_shortcode_before_header":"","ocean_shortcode_after_header":"","ocean_has_shortcode":"","ocean_shortcode_after_title":"","ocean_shortcode_before_footer_widgets":"","ocean_shortcode_after_footer_widgets":"","ocean_shortcode_before_footer_bottom":"","ocean_shortcode_after_footer_bottom":"","ocean_display_top_bar":"default","ocean_display_header":"default","ocean_header_style":"","ocean_center_header_left_menu":"0","ocean_custom_header_template":"0","ocean_custom_logo":0,"ocean_custom_retina_logo":0,"ocean_custom_logo_max_width":0,"ocean_custom_logo_tablet_max_width":0,"ocean_custom_logo_mobile_max_width":0,"ocean_custom_logo_max_height":0,"ocean_custom_logo_tablet_max_height":0,"ocean_custom_logo_mobile_max_height":0,"ocean_header_custom_menu":"0","ocean_menu_typo_font_family":"0","ocean_menu_typo_font_subset":"","ocean_menu_typo_font_size":0,"ocean_menu_typo_font_size_tablet":0,"ocean_menu_typo_font_size_mobile":0,"ocean_menu_typo_font_size_unit":"px","ocean_menu_typo_font_weight":"","ocean_menu_typo_font_weight_tablet":"","ocean_menu_typo_font_weight_mobile":"","ocean_menu_typo_transform":"","ocean_menu_typo_transform_tablet":"","ocean_menu_typo_transform_mobile":"","ocean_menu_typo_line_height":0,"ocean_menu_typo_line_height_tablet":0,"ocean_menu_typo_line_height_mobile":0,"ocean_menu_typo_line_height_unit":"","ocean_menu_typo_spacing":0,"ocean_menu_typo_spacing_tablet":0,"ocean_menu_typo_spacing_mobile":0,"ocean_menu_typo_spacing_unit":"","ocean_menu_link_color":"","ocean_menu_link_color_hover":"","ocean_menu_link_color_active":"","ocean_menu_link_background":"","ocean_menu_link_hover_background":"","ocean_menu_link_active_background":"","ocean_menu_social_links_bg":"","ocean_menu_social_hover_links_bg":"","ocean_menu_social_links_color":"","ocean_menu_social_hover_links_color":"","ocean_disable_title":"default","ocean_disable_heading":"default","ocean_post_title":"","ocean_post_subheading":"","ocean_post_title_style":"","ocean_post_title_background_color":"","ocean_post_title_background":0,"ocean_post_title_bg_image_position":"","ocean_post_title_bg_image_attachment":"","ocean_post_title_bg_image_repeat":"","ocean_post_title_bg_image_size":"","ocean_post_title_height":0,"ocean_post_title_bg_overlay":0.5,"ocean_post_title_bg_overlay_color":"","ocean_disable_breadcrumbs":"default","ocean_breadcrumbs_color":"","ocean_breadcrumbs_separator_color":"","ocean_breadcrumbs_links_color":"","ocean_breadcrumbs_links_hover_color":"","ocean_display_footer_widgets":"default","ocean_display_footer_bottom":"default","ocean_custom_footer_template":"0","_joinchat":[],"jetpack_publicize_message":"","jetpack_publicize_feature_enabled":true,"jetpack_social_post_already_shared":false,"jetpack_social_options":{"image_generator_settings":{"template":"highway","default_image_id":0,"font":"","enabled":false},"version":2}},"product_brand":[],"product_cat":[15,44],"product_tag":[],"class_list":{"0":"post-1776","1":"product","2":"type-product","3":"status-publish","4":"has-post-thumbnail","6":"product_cat-forever","7":"product_cat-soins-personnels","9":"entry","10":"has-media","12":"first","13":"instock","14":"taxable","15":"shipping-taxable","16":"purchasable","17":"product-type-simple","18":"has-product-nav","19":"col","20":"span_1_of_3","21":"owp-content-center","22":"owp-thumbs-layout-horizontal","23":"owp-btn-normal","24":"owp-tabs-layout-vertical","26":"circle-sale"},"jetpack_publicize_connections":[],"jetpack_likes_enabled":true,"jetpack_sharing_enabled":true,"_links":{"self":[{"href":"https:\/\/distributeurforever.elielmarket-ci.com\/index.php\/wp-json\/wp\/v2\/product\/1776","targetHints":{"allow":["GET"]}}],"collection":[{"href":"https:\/\/distributeurforever.elielmarket-ci.com\/index.php\/wp-json\/wp\/v2\/product"}],"about":[{"href":"https:\/\/distributeurforever.elielmarket-ci.com\/index.php\/wp-json\/wp\/v2\/types\/product"}],"replies":[{"embeddable":true,"href":"https:\/\/distributeurforever.elielmarket-ci.com\/index.php\/wp-json\/wp\/v2\/comments?post=1776"}],"wp:featuredmedia":[{"embeddable":true,"href":"https:\/\/distributeurforever.elielmarket-ci.com\/index.php\/wp-json\/wp\/v2\/media\/1777"}],"wp:attachment":[{"href":"https:\/\/distributeurforever.elielmarket-ci.com\/index.php\/wp-json\/wp\/v2\/media?parent=1776"}],"wp:term":[{"taxonomy":"product_brand","embeddable":true,"href":"https:\/\/distributeurforever.elielmarket-ci.com\/index.php\/wp-json\/wp\/v2\/product_brand?post=1776"},{"taxonomy":"product_cat","embeddable":true,"href":"https:\/\/distributeurforever.elielmarket-ci.com\/index.php\/wp-json\/wp\/v2\/product_cat?post=1776"},{"taxonomy":"product_tag","embeddable":true,"href":"https:\/\/distributeurforever.elielmarket-ci.com\/index.php\/wp-json\/wp\/v2\/product_tag?post=1776"}],"curies":[{"name":"wp","href":"https:\/\/api.w.org\/{rel}","templated":true}]}}