{"id":1746,"date":"2023-06-04T12:02:38","date_gmt":"2023-06-04T12:02:38","guid":{"rendered":"https:\/\/distributeurforever.elielmarket-ci.com\/?post_type=product&#038;p=1746"},"modified":"2023-06-04T12:05:08","modified_gmt":"2023-06-04T12:05:08","slug":"cheveux-de-reve","status":"publish","type":"product","link":"https:\/\/distributeurforever.elielmarket-ci.com\/index.php\/produit\/cheveux-de-reve\/","title":{"rendered":"Cheveux de r\u00eave"},"content":{"rendered":"<h1>Cheveux de r\u00eave<\/h1>\n<p><strong>Cheveux de r\u00eave &#8211; Envie de cheveux vigoureux et radieux?<\/strong><\/p>\n<div class=\"product--description\">\n<p>Le duo parfait pour des cheveux souples et vigoureux: Aloe-Jojoba Shampoo et Aloe-Jojoba Conditioner. Les deux contiennent 40% de gel d&rsquo;Aloe Vera pur et de l&rsquo;huile de jojoba qui fortifie les cheveux. Ils sont parfaitement adapt\u00e9s \u00e0 un usage quotidien et soignent tes cheveux de mani\u00e8re optimale. La fragrance rafra\u00eechissante de fruits tropicaux, associ\u00e9e au melon et \u00e0 une note sucr\u00e9e, te procure une exp\u00e9rience olfactive tr\u00e8s s\u00e9duisante.<\/p>\n<p>Pour des cheveux encore plus beaux, nous recommandons la prise quotidienne d&rsquo;ARGI+. M\u00e9lange un demi-sachet d&rsquo;ARGI+ avec de l\u2019eau, tu obtiendras une boisson d\u00e9licieuse avec de la L-arginine, des vitamines C, D, K, B6, B12 et de l&rsquo;acide folique. La boisson a un go\u00fbt merveilleusement fruit\u00e9 de baies et de raisins.<\/p>\n<\/div>\n","protected":false},"excerpt":{"rendered":"<p><strong>Envie de cheveux vigoureux et radieux?<\/strong><\/p>\n<div class=\"product--description\">\n<p>Le duo parfait pour des cheveux de r\u00eave souples et vigoureux: Aloe-Jojoba Shampoo et Aloe-Jojoba Conditioner. Les deux contiennent 40% de gel d&rsquo;Aloe Vera pur et de l&rsquo;huile de jojoba qui fortifie les cheveux. Ils sont parfaitement adapt\u00e9s \u00e0 un usage quotidien et soignent tes cheveux de mani\u00e8re optimale. La fragrance rafra\u00eechissante de fruits tropicaux, associ\u00e9e au melon et \u00e0 une note sucr\u00e9e, te procure une exp\u00e9rience olfactive tr\u00e8s s\u00e9duisante.<\/p>\n<p>Pour des cheveux encore plus beaux, nous recommandons la prise quotidienne d&rsquo;ARGI+. M\u00e9lange un demi-sachet d&rsquo;ARGI+ avec de l\u2019eau, tu obtiendras une boisson d\u00e9licieuse avec de la L-arginine, des vitamines C, D, K, B6, B12 et de l&rsquo;acide folique. La boisson a un go\u00fbt merveilleusement fruit\u00e9 de baies et de raisins.<\/p>\n<\/div>\n","protected":false},"featured_media":1748,"comment_status":"open","ping_status":"closed","template":"","meta":{"_monsterinsights_skip_tracking":false,"_monsterinsights_sitenote_active":false,"_monsterinsights_sitenote_note":"","_monsterinsights_sitenote_category":0,"ocean_post_layout":"","ocean_both_sidebars_style":"","ocean_both_sidebars_content_width":0,"ocean_both_sidebars_sidebars_width":0,"ocean_sidebar":"0","ocean_second_sidebar":"0","ocean_disable_margins":"enable","ocean_add_body_class":"","ocean_shortcode_before_top_bar":"","ocean_shortcode_after_top_bar":"","ocean_shortcode_before_header":"","ocean_shortcode_after_header":"","ocean_has_shortcode":"","ocean_shortcode_after_title":"","ocean_shortcode_before_footer_widgets":"","ocean_shortcode_after_footer_widgets":"","ocean_shortcode_before_footer_bottom":"","ocean_shortcode_after_footer_bottom":"","ocean_display_top_bar":"default","ocean_display_header":"default","ocean_header_style":"","ocean_center_header_left_menu":"0","ocean_custom_header_template":"0","ocean_custom_logo":0,"ocean_custom_retina_logo":0,"ocean_custom_logo_max_width":0,"ocean_custom_logo_tablet_max_width":0,"ocean_custom_logo_mobile_max_width":0,"ocean_custom_logo_max_height":0,"ocean_custom_logo_tablet_max_height":0,"ocean_custom_logo_mobile_max_height":0,"ocean_header_custom_menu":"0","ocean_menu_typo_font_family":"0","ocean_menu_typo_font_subset":"","ocean_menu_typo_font_size":0,"ocean_menu_typo_font_size_tablet":0,"ocean_menu_typo_font_size_mobile":0,"ocean_menu_typo_font_size_unit":"px","ocean_menu_typo_font_weight":"","ocean_menu_typo_font_weight_tablet":"","ocean_menu_typo_font_weight_mobile":"","ocean_menu_typo_transform":"","ocean_menu_typo_transform_tablet":"","ocean_menu_typo_transform_mobile":"","ocean_menu_typo_line_height":0,"ocean_menu_typo_line_height_tablet":0,"ocean_menu_typo_line_height_mobile":0,"ocean_menu_typo_line_height_unit":"","ocean_menu_typo_spacing":0,"ocean_menu_typo_spacing_tablet":0,"ocean_menu_typo_spacing_mobile":0,"ocean_menu_typo_spacing_unit":"","ocean_menu_link_color":"","ocean_menu_link_color_hover":"","ocean_menu_link_color_active":"","ocean_menu_link_background":"","ocean_menu_link_hover_background":"","ocean_menu_link_active_background":"","ocean_menu_social_links_bg":"","ocean_menu_social_hover_links_bg":"","ocean_menu_social_links_color":"","ocean_menu_social_hover_links_color":"","ocean_disable_title":"default","ocean_disable_heading":"default","ocean_post_title":"","ocean_post_subheading":"","ocean_post_title_style":"","ocean_post_title_background_color":"","ocean_post_title_background":0,"ocean_post_title_bg_image_position":"","ocean_post_title_bg_image_attachment":"","ocean_post_title_bg_image_repeat":"","ocean_post_title_bg_image_size":"","ocean_post_title_height":0,"ocean_post_title_bg_overlay":0.5,"ocean_post_title_bg_overlay_color":"","ocean_disable_breadcrumbs":"default","ocean_breadcrumbs_color":"","ocean_breadcrumbs_separator_color":"","ocean_breadcrumbs_links_color":"","ocean_breadcrumbs_links_hover_color":"","ocean_display_footer_widgets":"default","ocean_display_footer_bottom":"default","ocean_custom_footer_template":"0","_joinchat":[],"jetpack_publicize_message":"","jetpack_publicize_feature_enabled":true,"jetpack_social_post_already_shared":false,"jetpack_social_options":{"image_generator_settings":{"template":"highway","default_image_id":0,"font":"","enabled":false},"version":2}},"product_brand":[],"product_cat":[15,44],"product_tag":[],"class_list":{"0":"post-1746","1":"product","2":"type-product","3":"status-publish","4":"has-post-thumbnail","6":"product_cat-forever","7":"product_cat-soins-personnels","9":"entry","10":"has-media","12":"first","13":"instock","14":"taxable","15":"shipping-taxable","16":"purchasable","17":"product-type-simple","18":"has-product-nav","19":"col","20":"span_1_of_3","21":"owp-content-center","22":"owp-thumbs-layout-horizontal","23":"owp-btn-normal","24":"owp-tabs-layout-vertical","26":"circle-sale"},"jetpack_publicize_connections":[],"jetpack_likes_enabled":true,"jetpack_sharing_enabled":true,"_links":{"self":[{"href":"https:\/\/distributeurforever.elielmarket-ci.com\/index.php\/wp-json\/wp\/v2\/product\/1746","targetHints":{"allow":["GET"]}}],"collection":[{"href":"https:\/\/distributeurforever.elielmarket-ci.com\/index.php\/wp-json\/wp\/v2\/product"}],"about":[{"href":"https:\/\/distributeurforever.elielmarket-ci.com\/index.php\/wp-json\/wp\/v2\/types\/product"}],"replies":[{"embeddable":true,"href":"https:\/\/distributeurforever.elielmarket-ci.com\/index.php\/wp-json\/wp\/v2\/comments?post=1746"}],"wp:featuredmedia":[{"embeddable":true,"href":"https:\/\/distributeurforever.elielmarket-ci.com\/index.php\/wp-json\/wp\/v2\/media\/1748"}],"wp:attachment":[{"href":"https:\/\/distributeurforever.elielmarket-ci.com\/index.php\/wp-json\/wp\/v2\/media?parent=1746"}],"wp:term":[{"taxonomy":"product_brand","embeddable":true,"href":"https:\/\/distributeurforever.elielmarket-ci.com\/index.php\/wp-json\/wp\/v2\/product_brand?post=1746"},{"taxonomy":"product_cat","embeddable":true,"href":"https:\/\/distributeurforever.elielmarket-ci.com\/index.php\/wp-json\/wp\/v2\/product_cat?post=1746"},{"taxonomy":"product_tag","embeddable":true,"href":"https:\/\/distributeurforever.elielmarket-ci.com\/index.php\/wp-json\/wp\/v2\/product_tag?post=1746"}],"curies":[{"name":"wp","href":"https:\/\/api.w.org\/{rel}","templated":true}]}}