{"id":1687,"date":"2023-06-04T07:34:21","date_gmt":"2023-06-04T07:34:21","guid":{"rendered":"https:\/\/distributeurforever.elielmarket-ci.com\/?post_type=product&#038;p=1687"},"modified":"2023-06-04T07:35:21","modified_gmt":"2023-06-04T07:35:21","slug":"aloe-vera-gelly","status":"publish","type":"product","link":"https:\/\/distributeurforever.elielmarket-ci.com\/index.php\/produit\/aloe-vera-gelly\/","title":{"rendered":"Aloe Vera Gelly"},"content":{"rendered":"<h1 class=\"product--title\">Aloe Vera Gelly<\/h1>\n<p class=\"benefits--subtitle\">Notre produit vedette, Aloe Vera Gelly pur regroupe les bienfaits de l&rsquo;Aloe Vera dans un tube: Aloe Vera Gelly\u00ae a la part absolument la plus \u00e9lev\u00e9e d&rsquo;Aloe Vera (85% !) de notre gamme de produits de soin pour le corps! Ta peau appr\u00e9cie le bien-\u00eatre d&rsquo;une hydratation pure. C&rsquo;est comme si tu te trouvais au Texas dans nos champs d&rsquo;Aloe et que tu venais tout juste de r\u00e9colter une feuille d&rsquo;Aloe &#8230; Il n&rsquo;y a pas mieux que notre meilleur Forever Aloe en tube! L&rsquo;institut Dermatest\u00ae attribue la mention: TR\u00c8S BON \u00e0 l&rsquo;Aloe Vera Gelly.<\/p>\n<h3 class=\"benefits--subtitle\">DE L&rsquo;HYDRATATION EN PLUS &#8230;<\/h3>\n<p class=\"benefits--text\">&#8230; ta peau n&rsquo;en a jamais assez! En \u00e9t\u00e9 surtout, apr\u00e8s une longue journ\u00e9e pass\u00e9 au soleil, l&rsquo;hydratation procur\u00e9e par Aloe Vera Gelly\u00ae est une agr\u00e9able source de fra\u00eecheur pour tout le corps. M\u00eame apr\u00e8s un coup de soleil, le gel d&rsquo;Aloe Vera pur prend soin et nourrit la peau stress\u00e9e. Apr\u00e8s-soleil \u00e0 l&rsquo;Aloe Vera, c&rsquo;est parfait! Le gel ne graisse pas la peau et ne la tiraille pas, l&rsquo;incroyable sensation d&rsquo;une peau merveilleusement douce.<\/p>\n<h3 class=\"benefits--subtitle\">MERVEILLEUX SOIN<\/h3>\n<p class=\"benefits--text\">M\u00eame au quotidien, la peau stress\u00e9e, s\u00e8che ou fragilis\u00e9e se r\u00e9jouit de cette hydratation extra en tube. Tu peux utiliser Aloe Vera Gelly\u00ae pur comme base de soin quotidienne et appliquer ensuite tes autres produits de soin Forever habituels. Si tu le souhaites, tu peux aussi m\u00e9langer le meilleur gel \u00e0 l&rsquo;Aloe Vera avec tes autres produits Forever. Le gel doux est aussi un soin particuli\u00e8rement utile en cas de l\u00e9g\u00e8res blessures cutan\u00e9es ou d&rsquo;irritations aigu\u00ebs comme la n\u00e9vrodermite.<\/p>\n<h3 class=\"benefits--subtitle\">ID\u00c9AL AUSSI POUR TON ANIMAL PR\u00c9F\u00c9R\u00c9<\/h3>\n<p class=\"benefits--text\">Aloe Vera Gelly\u00ae ne devrait jamais manquer dans ton sac \u00e0 main lorsque tu es en d\u00e9placement avec ton animal de compagnie. Ce gel soigne les petites morsures et \u00e9gratignures, les \u00e9corchures ou les alt\u00e9rations de la peau. Son action rafra\u00eechissante et bienfaisante s&rsquo;exerce, par exemple, en cas de piq\u00fbres d&rsquo;insectes, aide \u00e0 pr\u00e9venir une l\u00e9g\u00e8re infestation de parasites et hydrate en profondeur les parties s\u00e8ches de la peau.<\/p>\n","protected":false},"excerpt":{"rendered":"<p>Toute la force de l\u2019Aloe. Le gel d\u2019Aloe Vera en tube est hydratant et rafra\u00eechissant.<\/p>\n<div class=\"product--description\">\n<p>Une v\u00e9ritable force miraculeuse dans un tube. L\u2019Aloe Vera Gelly est un gel transparent de soin de la peau poss\u00e9dant le pour centage d\u2019Aloe Vera de loin le plus \u00e9lev\u00e9. L\u2019Aloe Vera Gelly a des vertus bienfaisantes et particuli\u00e8rement rafra\u00eechissantes \u2013 aussi en cas de l\u00e9g\u00e8res excoriations de la peau ou petites br\u00fblures superficielles. Le gel p\u00e9n\u00e8tre instantan\u00e9ment et s\u2019applique en friction, mais aussi en enveloppement humide.<\/p>\n<p>Id\u00e9al aussi pour ton animal de compagnie.<\/p>\n<\/div>\n","protected":false},"featured_media":1688,"comment_status":"open","ping_status":"closed","template":"","meta":{"_monsterinsights_skip_tracking":false,"_monsterinsights_sitenote_active":false,"_monsterinsights_sitenote_note":"","_monsterinsights_sitenote_category":0,"ocean_post_layout":"","ocean_both_sidebars_style":"","ocean_both_sidebars_content_width":0,"ocean_both_sidebars_sidebars_width":0,"ocean_sidebar":"0","ocean_second_sidebar":"0","ocean_disable_margins":"enable","ocean_add_body_class":"","ocean_shortcode_before_top_bar":"","ocean_shortcode_after_top_bar":"","ocean_shortcode_before_header":"","ocean_shortcode_after_header":"","ocean_has_shortcode":"","ocean_shortcode_after_title":"","ocean_shortcode_before_footer_widgets":"","ocean_shortcode_after_footer_widgets":"","ocean_shortcode_before_footer_bottom":"","ocean_shortcode_after_footer_bottom":"","ocean_display_top_bar":"default","ocean_display_header":"default","ocean_header_style":"","ocean_center_header_left_menu":"0","ocean_custom_header_template":"0","ocean_custom_logo":0,"ocean_custom_retina_logo":0,"ocean_custom_logo_max_width":0,"ocean_custom_logo_tablet_max_width":0,"ocean_custom_logo_mobile_max_width":0,"ocean_custom_logo_max_height":0,"ocean_custom_logo_tablet_max_height":0,"ocean_custom_logo_mobile_max_height":0,"ocean_header_custom_menu":"0","ocean_menu_typo_font_family":"0","ocean_menu_typo_font_subset":"","ocean_menu_typo_font_size":0,"ocean_menu_typo_font_size_tablet":0,"ocean_menu_typo_font_size_mobile":0,"ocean_menu_typo_font_size_unit":"px","ocean_menu_typo_font_weight":"","ocean_menu_typo_font_weight_tablet":"","ocean_menu_typo_font_weight_mobile":"","ocean_menu_typo_transform":"","ocean_menu_typo_transform_tablet":"","ocean_menu_typo_transform_mobile":"","ocean_menu_typo_line_height":0,"ocean_menu_typo_line_height_tablet":0,"ocean_menu_typo_line_height_mobile":0,"ocean_menu_typo_line_height_unit":"","ocean_menu_typo_spacing":0,"ocean_menu_typo_spacing_tablet":0,"ocean_menu_typo_spacing_mobile":0,"ocean_menu_typo_spacing_unit":"","ocean_menu_link_color":"","ocean_menu_link_color_hover":"","ocean_menu_link_color_active":"","ocean_menu_link_background":"","ocean_menu_link_hover_background":"","ocean_menu_link_active_background":"","ocean_menu_social_links_bg":"","ocean_menu_social_hover_links_bg":"","ocean_menu_social_links_color":"","ocean_menu_social_hover_links_color":"","ocean_disable_title":"default","ocean_disable_heading":"default","ocean_post_title":"","ocean_post_subheading":"","ocean_post_title_style":"","ocean_post_title_background_color":"","ocean_post_title_background":0,"ocean_post_title_bg_image_position":"","ocean_post_title_bg_image_attachment":"","ocean_post_title_bg_image_repeat":"","ocean_post_title_bg_image_size":"","ocean_post_title_height":0,"ocean_post_title_bg_overlay":0.5,"ocean_post_title_bg_overlay_color":"","ocean_disable_breadcrumbs":"default","ocean_breadcrumbs_color":"","ocean_breadcrumbs_separator_color":"","ocean_breadcrumbs_links_color":"","ocean_breadcrumbs_links_hover_color":"","ocean_display_footer_widgets":"default","ocean_display_footer_bottom":"default","ocean_custom_footer_template":"0","_joinchat":[],"jetpack_publicize_message":"","jetpack_publicize_feature_enabled":true,"jetpack_social_post_already_shared":false,"jetpack_social_options":{"image_generator_settings":{"template":"highway","default_image_id":0,"font":"","enabled":false},"version":2}},"product_brand":[],"product_cat":[15,44],"product_tag":[],"class_list":{"0":"post-1687","1":"product","2":"type-product","3":"status-publish","4":"has-post-thumbnail","6":"product_cat-forever","7":"product_cat-soins-personnels","9":"entry","10":"has-media","12":"first","13":"instock","14":"taxable","15":"shipping-taxable","16":"purchasable","17":"product-type-simple","18":"has-product-nav","19":"col","20":"span_1_of_3","21":"owp-content-center","22":"owp-thumbs-layout-horizontal","23":"owp-btn-normal","24":"owp-tabs-layout-vertical","26":"circle-sale"},"jetpack_publicize_connections":[],"jetpack_likes_enabled":true,"jetpack_sharing_enabled":true,"_links":{"self":[{"href":"https:\/\/distributeurforever.elielmarket-ci.com\/index.php\/wp-json\/wp\/v2\/product\/1687","targetHints":{"allow":["GET"]}}],"collection":[{"href":"https:\/\/distributeurforever.elielmarket-ci.com\/index.php\/wp-json\/wp\/v2\/product"}],"about":[{"href":"https:\/\/distributeurforever.elielmarket-ci.com\/index.php\/wp-json\/wp\/v2\/types\/product"}],"replies":[{"embeddable":true,"href":"https:\/\/distributeurforever.elielmarket-ci.com\/index.php\/wp-json\/wp\/v2\/comments?post=1687"}],"wp:featuredmedia":[{"embeddable":true,"href":"https:\/\/distributeurforever.elielmarket-ci.com\/index.php\/wp-json\/wp\/v2\/media\/1688"}],"wp:attachment":[{"href":"https:\/\/distributeurforever.elielmarket-ci.com\/index.php\/wp-json\/wp\/v2\/media?parent=1687"}],"wp:term":[{"taxonomy":"product_brand","embeddable":true,"href":"https:\/\/distributeurforever.elielmarket-ci.com\/index.php\/wp-json\/wp\/v2\/product_brand?post=1687"},{"taxonomy":"product_cat","embeddable":true,"href":"https:\/\/distributeurforever.elielmarket-ci.com\/index.php\/wp-json\/wp\/v2\/product_cat?post=1687"},{"taxonomy":"product_tag","embeddable":true,"href":"https:\/\/distributeurforever.elielmarket-ci.com\/index.php\/wp-json\/wp\/v2\/product_tag?post=1687"}],"curies":[{"name":"wp","href":"https:\/\/api.w.org\/{rel}","templated":true}]}}