{"id":1596,"date":"2023-06-01T16:39:39","date_gmt":"2023-06-01T16:39:39","guid":{"rendered":"https:\/\/distributeurforever.elielmarket-ci.com\/?post_type=product&#038;p=1596"},"modified":"2023-06-01T16:47:44","modified_gmt":"2023-06-01T16:47:44","slug":"forever-ultra-chocolate-shake","status":"publish","type":"product","link":"https:\/\/distributeurforever.elielmarket-ci.com\/index.php\/produit\/forever-ultra-chocolate-shake\/","title":{"rendered":"Forever Ultra Chocolate Shake Mix"},"content":{"rendered":"<h2 class=\"benefits--title\">Forever Ultra Chocolate Shake<\/h2>\n<p class=\"benefits--subtitle\">Forever Ultra Chocolate Shake\u00a0 t&rsquo;aide \u00e0 manger consciemment. Sans agent de conservation et avec seulement 95 calories par portion. Parfait comme r\u00e9gime hypocalorique, surtout en combinaison avec de l&rsquo;exercice r\u00e9gulier. Il suffit de remplacer un repas par un d\u00e9licieux shake le matin ou le soir.<\/p>\n<p><img fetchpriority=\"high\" decoding=\"async\" width=\"300\" height=\"200\" class=\"alignnone size-medium wp-image-1597\" src=\"https:\/\/distributeurforever.elielmarket-ci.com\/wp-content\/uploads\/2023\/06\/Forever-20Ultra-20Shake-20Mix_00470_471_e1AG2IhRSbs0m5W_1400x933-300x200.jpg\" alt=\"&quot;&lt;\/p\" srcset=\"https:\/\/distributeurforever.elielmarket-ci.com\/wp-content\/uploads\/2023\/06\/Forever-20Ultra-20Shake-20Mix_00470_471_e1AG2IhRSbs0m5W_1400x933-300x200.jpg 300w, https:\/\/distributeurforever.elielmarket-ci.com\/wp-content\/uploads\/2023\/06\/Forever-20Ultra-20Shake-20Mix_00470_471_e1AG2IhRSbs0m5W_1400x933-768x512.jpg 768w, https:\/\/distributeurforever.elielmarket-ci.com\/wp-content\/uploads\/2023\/06\/Forever-20Ultra-20Shake-20Mix_00470_471_e1AG2IhRSbs0m5W_1400x933-500x333.jpg 500w, https:\/\/distributeurforever.elielmarket-ci.com\/wp-content\/uploads\/2023\/06\/Forever-20Ultra-20Shake-20Mix_00470_471_e1AG2IhRSbs0m5W_1400x933.jpg 960w\" sizes=\"(max-width: 300px) 100vw, 300px\" \/><\/p>\n<h3 class=\"benefits--subtitle\">SUBSTITUT DE REPAS RASSASIANT<\/h3>\n<p class=\"benefits--text\">Les shake offrent un programme nutritionnel \u00e0 base de prot\u00e9ines de soja non g\u00e9n\u00e9tiquement modifi\u00e9es. Deux shake par jour apportent toutes les vitamines et min\u00e9raux dont tu as besoin. Une portion de shake ne contient que 95 calories. Mais attention: ce n&rsquo;est que si on m\u00e9lange le shake avec du lait qu&rsquo;il est consid\u00e9r\u00e9 comme un substitut de repas complet. Les deux shake ne contiennent aucun agent de conservation.<\/p>\n<p><img decoding=\"async\" width=\"300\" height=\"200\" class=\"alignnone size-medium wp-image-1599\" src=\"https:\/\/distributeurforever.elielmarket-ci.com\/wp-content\/uploads\/2023\/06\/Forever-20Ultra-20Shake-20Mix_00471_ce_1400x933-300x200.jpg\" alt=\"&quot;&lt;\/p\" srcset=\"https:\/\/distributeurforever.elielmarket-ci.com\/wp-content\/uploads\/2023\/06\/Forever-20Ultra-20Shake-20Mix_00471_ce_1400x933-300x200.jpg 300w, https:\/\/distributeurforever.elielmarket-ci.com\/wp-content\/uploads\/2023\/06\/Forever-20Ultra-20Shake-20Mix_00471_ce_1400x933-768x512.jpg 768w, https:\/\/distributeurforever.elielmarket-ci.com\/wp-content\/uploads\/2023\/06\/Forever-20Ultra-20Shake-20Mix_00471_ce_1400x933-500x333.jpg 500w, https:\/\/distributeurforever.elielmarket-ci.com\/wp-content\/uploads\/2023\/06\/Forever-20Ultra-20Shake-20Mix_00471_ce_1400x933.jpg 960w\" sizes=\"(max-width: 300px) 100vw, 300px\" \/><\/p>\n<h3 class=\"benefits--subtitle\">APPORT PROT\u00c9IQUE TOTAL<\/h3>\n<p class=\"benefits--text\">Gr\u00e2ce \u00e0 sa teneur en prot\u00e9ines, le shake avec de nombreuses substances vitales convient \u00e9galement comme boisson \u00e9nerg\u00e9tique pour les sportifs ou m\u00eame comme d\u00e9licieux milk-shake. Disponible dans les saveurs vanille et chocolat.<\/p>\n<p><img decoding=\"async\" width=\"300\" height=\"200\" class=\"alignnone size-medium wp-image-1598\" src=\"https:\/\/distributeurforever.elielmarket-ci.com\/wp-content\/uploads\/2023\/06\/Forever-20Ultra-20Shake-20Mix_00470_471_e2IJOBbghtqt8me_1400x933-300x200.jpg\" alt=\"&quot;&lt;\/p\" srcset=\"https:\/\/distributeurforever.elielmarket-ci.com\/wp-content\/uploads\/2023\/06\/Forever-20Ultra-20Shake-20Mix_00470_471_e2IJOBbghtqt8me_1400x933-300x200.jpg 300w, https:\/\/distributeurforever.elielmarket-ci.com\/wp-content\/uploads\/2023\/06\/Forever-20Ultra-20Shake-20Mix_00470_471_e2IJOBbghtqt8me_1400x933-768x512.jpg 768w, https:\/\/distributeurforever.elielmarket-ci.com\/wp-content\/uploads\/2023\/06\/Forever-20Ultra-20Shake-20Mix_00470_471_e2IJOBbghtqt8me_1400x933-500x333.jpg 500w, https:\/\/distributeurforever.elielmarket-ci.com\/wp-content\/uploads\/2023\/06\/Forever-20Ultra-20Shake-20Mix_00470_471_e2IJOBbghtqt8me_1400x933.jpg 960w\" sizes=\"(max-width: 300px) 100vw, 300px\" \/><\/p>\n<h4><span class=\"product--usage-highlight\">Application :<\/span><\/h4>\n<p>Remplacer 1 \u00e0 2 repas par jour par un shake. M\u00e9langer le contenu d&rsquo;une cuill\u00e8re \u00e0 mesurer rase (\u00e9quivalent \u00e0 25g) avec 240 ml de lait \u00e9cr\u00e9m\u00e9 (1,5% de mati\u00e8res grasses). Consomm\u00e9 \u00e9galement avec de la glace pil\u00e9e ou des fruits.<\/p>\n","protected":false},"excerpt":{"rendered":"<p>Programme nutritionnel \u00e0 base de prot\u00e9ines de soja non g\u00e9n\u00e9tiquement modifi\u00e9es. Un d\u00e9licieux substitut de repas.<\/p>\n<div class=\"product--description\">\n<p>Une boisson savoureuse au lieu d&rsquo;un repas somptueux. Les shake sont disponibles en deux saveurs: Forever Ultra Vanilla Shake et Forever Ultra Chocolate Shake Mix. Ils sont riches en prot\u00e9ines, en vitamines et oligo-\u00e9l\u00e9ments. Cette boisson savoureuse offre un programme nutritionnel \u00e0 base de prot\u00e9ines de soja non g\u00e9n\u00e9tiquement modifi\u00e9es. Convient \u00e9galement comme compl\u00e9ment ou en casse-cro\u00fbte. Pour un r\u00e9gime hypocalorique.<\/p>\n<\/div>\n","protected":false},"featured_media":1599,"comment_status":"open","ping_status":"closed","template":"","meta":{"_monsterinsights_skip_tracking":false,"_monsterinsights_sitenote_active":false,"_monsterinsights_sitenote_note":"","_monsterinsights_sitenote_category":0,"ocean_post_layout":"","ocean_both_sidebars_style":"","ocean_both_sidebars_content_width":0,"ocean_both_sidebars_sidebars_width":0,"ocean_sidebar":"0","ocean_second_sidebar":"0","ocean_disable_margins":"enable","ocean_add_body_class":"","ocean_shortcode_before_top_bar":"","ocean_shortcode_after_top_bar":"","ocean_shortcode_before_header":"","ocean_shortcode_after_header":"","ocean_has_shortcode":"","ocean_shortcode_after_title":"","ocean_shortcode_before_footer_widgets":"","ocean_shortcode_after_footer_widgets":"","ocean_shortcode_before_footer_bottom":"","ocean_shortcode_after_footer_bottom":"","ocean_display_top_bar":"default","ocean_display_header":"default","ocean_header_style":"","ocean_center_header_left_menu":"0","ocean_custom_header_template":"0","ocean_custom_logo":0,"ocean_custom_retina_logo":0,"ocean_custom_logo_max_width":0,"ocean_custom_logo_tablet_max_width":0,"ocean_custom_logo_mobile_max_width":0,"ocean_custom_logo_max_height":0,"ocean_custom_logo_tablet_max_height":0,"ocean_custom_logo_mobile_max_height":0,"ocean_header_custom_menu":"0","ocean_menu_typo_font_family":"0","ocean_menu_typo_font_subset":"","ocean_menu_typo_font_size":0,"ocean_menu_typo_font_size_tablet":0,"ocean_menu_typo_font_size_mobile":0,"ocean_menu_typo_font_size_unit":"px","ocean_menu_typo_font_weight":"","ocean_menu_typo_font_weight_tablet":"","ocean_menu_typo_font_weight_mobile":"","ocean_menu_typo_transform":"","ocean_menu_typo_transform_tablet":"","ocean_menu_typo_transform_mobile":"","ocean_menu_typo_line_height":0,"ocean_menu_typo_line_height_tablet":0,"ocean_menu_typo_line_height_mobile":0,"ocean_menu_typo_line_height_unit":"","ocean_menu_typo_spacing":0,"ocean_menu_typo_spacing_tablet":0,"ocean_menu_typo_spacing_mobile":0,"ocean_menu_typo_spacing_unit":"","ocean_menu_link_color":"","ocean_menu_link_color_hover":"","ocean_menu_link_color_active":"","ocean_menu_link_background":"","ocean_menu_link_hover_background":"","ocean_menu_link_active_background":"","ocean_menu_social_links_bg":"","ocean_menu_social_hover_links_bg":"","ocean_menu_social_links_color":"","ocean_menu_social_hover_links_color":"","ocean_disable_title":"default","ocean_disable_heading":"default","ocean_post_title":"","ocean_post_subheading":"","ocean_post_title_style":"","ocean_post_title_background_color":"","ocean_post_title_background":0,"ocean_post_title_bg_image_position":"","ocean_post_title_bg_image_attachment":"","ocean_post_title_bg_image_repeat":"","ocean_post_title_bg_image_size":"","ocean_post_title_height":0,"ocean_post_title_bg_overlay":0.5,"ocean_post_title_bg_overlay_color":"","ocean_disable_breadcrumbs":"default","ocean_breadcrumbs_color":"","ocean_breadcrumbs_separator_color":"","ocean_breadcrumbs_links_color":"","ocean_breadcrumbs_links_hover_color":"","ocean_display_footer_widgets":"default","ocean_display_footer_bottom":"default","ocean_custom_footer_template":"0","_joinchat":[],"jetpack_publicize_message":"","jetpack_publicize_feature_enabled":true,"jetpack_social_post_already_shared":false,"jetpack_social_options":{"image_generator_settings":{"template":"highway","default_image_id":0,"font":"","enabled":false},"version":2}},"product_brand":[],"product_cat":[15,40],"product_tag":[37],"class_list":{"0":"post-1596","1":"product","2":"type-product","3":"status-publish","4":"has-post-thumbnail","6":"product_cat-forever","7":"product_cat-nutrition","8":"product_tag-nutrition","10":"entry","11":"has-media","13":"first","14":"instock","15":"taxable","16":"shipping-taxable","17":"purchasable","18":"product-type-simple","19":"has-product-nav","20":"col","21":"span_1_of_3","22":"owp-content-center","23":"owp-thumbs-layout-horizontal","24":"owp-btn-normal","25":"owp-tabs-layout-vertical","27":"circle-sale"},"jetpack_publicize_connections":[],"jetpack_likes_enabled":true,"jetpack_sharing_enabled":true,"_links":{"self":[{"href":"https:\/\/distributeurforever.elielmarket-ci.com\/index.php\/wp-json\/wp\/v2\/product\/1596","targetHints":{"allow":["GET"]}}],"collection":[{"href":"https:\/\/distributeurforever.elielmarket-ci.com\/index.php\/wp-json\/wp\/v2\/product"}],"about":[{"href":"https:\/\/distributeurforever.elielmarket-ci.com\/index.php\/wp-json\/wp\/v2\/types\/product"}],"replies":[{"embeddable":true,"href":"https:\/\/distributeurforever.elielmarket-ci.com\/index.php\/wp-json\/wp\/v2\/comments?post=1596"}],"wp:featuredmedia":[{"embeddable":true,"href":"https:\/\/distributeurforever.elielmarket-ci.com\/index.php\/wp-json\/wp\/v2\/media\/1599"}],"wp:attachment":[{"href":"https:\/\/distributeurforever.elielmarket-ci.com\/index.php\/wp-json\/wp\/v2\/media?parent=1596"}],"wp:term":[{"taxonomy":"product_brand","embeddable":true,"href":"https:\/\/distributeurforever.elielmarket-ci.com\/index.php\/wp-json\/wp\/v2\/product_brand?post=1596"},{"taxonomy":"product_cat","embeddable":true,"href":"https:\/\/distributeurforever.elielmarket-ci.com\/index.php\/wp-json\/wp\/v2\/product_cat?post=1596"},{"taxonomy":"product_tag","embeddable":true,"href":"https:\/\/distributeurforever.elielmarket-ci.com\/index.php\/wp-json\/wp\/v2\/product_tag?post=1596"}],"curies":[{"name":"wp","href":"https:\/\/api.w.org\/{rel}","templated":true}]}}